 when 10 is divided by z.
2
Let t(f) = f + 14. Let p be (1 + -18)/((-1)/(-2)). Let d = -8 - p. What is the remainder when d is divided by t(0)?
12
Suppose -17 = -2*z - 3*b - 2*b, -5*z = 5*b - 35. Let r = z + 7. Calculate the remainder when 50 is divided by r.
11
Let m = -4 + -1. Let o = -2 - m. Suppose -4*n = -2*n - 2. Calculate the remainder when o is divided by n.
0
Let h = -3 + 2. Suppose 5*y + 4*d - 227 + 30 = 0, 4*d = -y + 49. Calculate the remainder when y is divided by 1*(h - -2)*13.
11
Suppose m - 11 - 4 = 0. Suppose -2*a - w = 27, 2*a - 5*w + m + 18 = 0. What is the remainder when 1/4 + a/(-8) is divided by 1?
0
Suppose -l + 52 = l. Let k = -24 + 45. Let n = k + -7. Calculate the remainder when l is divided by n.
12
Let y = 595 - 391. Calculate the remainder when y is divided by 41.
40
Suppose 12 = 4*t - i + 3*i, -4 = t - 3*i. Suppose t*k - k = 17. What is the remainder when k is divided by 6?
5
Let i(d) = -2*d - 2. Suppose -24 = 7*u - 3*u. What is the remainder when i(u) is divided by 4?
2
What is the remainder when (1 - (-6 + 7)) + 442/2 is divided by 56?
53
Calculate the remainder when 100 is divided by 20/(-16)*7*(-4 - 0).
30
Suppose 4*x = 100 + 56. Let o = 1 - -20. Calculate the remainder when x is divided by o.
18
Let p = 27 - 15. Suppose 6*g = 3*m + g - 32, -p = -m + g. Calculate the remainder when 39 is divided by m.
11
Let h be 1/1 - (-1 - -1). Let v(t) = 8*t. What is the remainder when v(2) is divided by 8 + 2*h/2?
7
Suppose -3*q - 156 = -405. Let l(k) = 19*k**2 - 3*k - 1. Calculate the remainder when q is divided by l(-1).
20
Let v = 18 + -12. Calculate the remainder when 20 is divided by v.
2
Let z be (48/(-40))/((-2)/5). Suppose -45 = z*u - 4*u. Calculate the remainder when u is divided by 24.
21
Let j(t) = 3*t**2 - 5*t + 1. Suppose 0 = -3*p - 2*q + 46, 3*q - q = -2. Calculate the remainder when j(4) is divided by p.
13
Let j(z) = -z**2 + 14*z + 2. Calculate the remainder when j(10) is divided by 9.
6
Suppose -5*c + 21 = -4. Suppose 4*z = c*q + 1, 5*z + 6*q - q - 35 = 0. Calculate the remainder when 13 is divided by z.
1
Let r be 2 + 0 - -42*1. Suppose -2 = 4*q + m - r, 5*m - 60 = -5*q. What is the remainder when 27 is divided by q?
7
Let d = 2 - -13. Suppose -3*m + 78 = 3*b, -29 = -m + b + 1. Calculate the remainder when m is divided by d.
13
Let f be 34/9 + (-2)/(-9). Suppose -f*q + 3*q = -27. What is the remainder when q is divided by (-84)/(-9)*(-4 + (-33)/(-6))?
13
Suppose -186 + 7 = -3*n + 5*t, 0 = 3*t + 12. Let b = n + -24. Suppose -x = -2*x + 15. What is the remainder when b is divided by x?
14
Let j = 3 - 1. Suppose -f + 7 = j. Suppose 2*b - f*b + 21 = 0. Calculate the remainder when 12 is divided by b.
5
Let s = 100 - 18. Calculate the remainder when s is divided by 28.
26
Suppose -130 = -0*m - 2*m. Let q(v) = v**2 - v + 2. Let n be q(-7). Let d = n - 36. Calculate the remainder when m is divided by d.
21
Let x(o) = -o**3 - 4*o**2 + 8*o - 2. Let n(w) = -7*w**2 + 2*w - 2. Let p be n(1). What is the remainder when x(p) is divided by 30?
29
Let j = 10 + -3. Calculate the remainder when j is divided by 26/6 + (-4)/(-6).
2
Suppose -2*h = 3*i - 206, -2*h = 6*i - 4*i - 140. Calculate the remainder when i is divided by 17.
15
What is the remainder when 39 is divided by (4/(-10) - 1)*-5?
4
Let q(t) = -t**3 + 6*t**2 + 2*t - 8. Let i be q(6). Let k(l) = 2*l**2 - 5*l + 1. Calculate the remainder when 23 is divided by k(i).
10
Let a = 2 + 4. Suppose 90 = 5*f + 2*l, 81 = 5*f - l + a. Let g = -24 - -54. What is the remainder when g is divided by f?
14
Let p = 13 + -13. Suppose -32 + p = -2*b. Calculate the remainder when b is divided by 5.
1
What is the remainder when 4/(-2) + 7 + 5 is divided by 4?
2
Suppose -2*a - 14 = -a. Let d(w) = 4*w**2 + 1. Let y be d(3). Let r = y + a. What is the remainder when r is divided by 13?
10
Suppose 17*m = 15*m + 14. Suppose -2*f + 110 = 2*f - 5*c, -5*f + 2*c = -129. Calculate the remainder when f is divided by m.
4
Let z(d) = -d**2 + 8*d + 3. What is the remainder when 53 is divided by z(3)?
17
Let o = -94 + 107. Calculate the remainder when 34 is divided by o.
8
Suppose 0 = 2*a + 5*j - 49, -3*j + 23 = 4*a - 3*a. Calculate the remainder when a is divided by 18.
14
Let c(s) = -s**3 + 7*s**2 + 12*s - 5. What is the remainder when c(8) is divided by (2 + 0 + 12)/1?
13
Let g = 104 - 86. Suppose 0 = -u + 28 + 24. Calculate the remainder when u is divided by g.
16
Let a(j) = 4*j**2 + 7*j - 27. Let m(t) = -2*t**2 + 4*t + 4 - 1 + 3*t**2. Calculate the remainder when a(3) is divided by m(-5).
6
Let h = -8 + 7. Let q = h + 12. Let x(m) = -m + 19. Calculate the remainder when x(0) is divided by q.
8
Let m = 185 - 105. Let k be m/6 - 6/(-9). Let o = k + 8. Calculate the remainder when o is divided by 8.
6
Suppose 67 - 82 = -d. What is the remainder when 26 is divided by d?
11
Let k be (-76)/3 + (-1)/(-3). Let w = 43 + k. Calculate the remainder when w is divided by 5.
3
Let t(u) = u**3 + 5*u**2 + 2*u + 2. What is the remainder when 28 is divided by t(-4)?
8
Suppose 4*b - 14 - 10 = 0. Let x = b + -3. Suppose 15 = 7*h - 2*h + q, -15 = 5*h - 5*q. What is the remainder when x is divided by h?
1
Let z = 71 + -51. Calculate the remainder when 77 is divided by z.
17
Suppose -4*h + 10*h = 132. What is the remainder when 85 is divided by h?
19
Suppose 0 = -f + 10. Calculate the remainder when 38 is divided by f.
8
Let n(u) = -u**3 + 8*u**2 - 10*u + 6. Calculate the remainder when n(6) is divided by 5.
3
Let l(f) = -f**3 + f**2 + f + 13. What is the remainder when 10/8 + -1 + (-7605)/(-156) is divided by l(0)?
10
Let y = 93 + -60. Calculate the remainder when y + -1 + 1 + -2 is divided by 17.
14
Suppose 0 = -5*r - 3*q + 11 - 46, 3*q - 15 = 0. Let g = 18 + r. What is the remainder when 30 is divided by g?
6
Let l(z) = -z**3 - 10*z**2 - 13*z - 6. Let w be ((-82)/(-8))/((-1)/(-4)). Suppose w = 3*o - 7. Calculate the remainder when l(-9) is divided by o.
14
Let s(r) = r + 12. Let n = 20 - 9. Suppose -14 = -2*i + 5*g + 107, -3*i - 5*g + 219 = 0. What is the remainder when i is divided by s(n)?
22
Let o(g) = 12*g**2 + g + 2. What is the remainder when 49 is divided by o(-1)?
10
Suppose -o - 4*o + 50 = -3*t, 5*o = 5*t + 60. Let b = -28 + 43. Let w = b + -3. Calculate the remainder when w is divided by o.
5
Let h = -1 - -4. Suppose 3*a = -i + 8, h*a = 3*i - 2*a - 10. What is the remainder when 9 is divided by i?
4
Suppose b + 10 = 4*h, b - 5*h + 6 = -2*h. What is the remainder when 11 is divided by b?
5
Suppose -5*c + c = 5*o - 138, 4*o = 4*c - 156. Let s = c + -13. Suppose x - 4*w = 21, -x + 4*x + w = 37. What is the remainder when s is divided by x?
11
Suppose 5*s - 23 - 12 = -5*l, 0 = -5*l + 3*s + 11. Suppose 2*f - 59 = 4*p - 7*p, -l*f + 142 = -2*p. What is the remainder when f is divided by 12?
10
Suppose 5*x - 3*z - 26 = z, 2*z = 5*x - 28. Calculate the remainder when 11 is divided by x.
5
Let f be 6/4 + (-2)/(-4). Suppose -5*z + 15 = -f*n, -2*z + n + 9 = z. Suppose z*b + 1 = q, 0 = 2*q - q + b - 9. What is the remainder when q is divided by 3?
1
Let o be (-10)/(2 - (6 - 2)). Suppose 22 + 18 = o*a. Calculate the remainder when a is divided by 5.
3
What is the remainder when 153 is divided by 44/33 + (-152)/(-3)?
49
Let b(f) = -f**2 + 15*f + 51. What is the remainder when 98 is divided by b(15)?
47
Let l(t) = 4*t**3 - 6*t**2 + 2. Calculate the remainder when l(5) is divided by 59.
57
Let k = -61 - -233. Suppose 5*g = g + k. What is the remainder when g is divided by 22?
21
Suppose -5*j = -v + 20, 6*v - 2*v - 16 = 4*j. Let m = 8 - 3. What is the remainder when m is divided by -1*(j*1)/2?
1
Let q be (-244)/10 - (-9)/(-15). Let y = q - -44. What is the remainder when y is divided by 5?
4
Let s(m) = -4*m + 4. Suppose 43*h + 27 = 46*h. Calculate the remainder when s(-5) is divided by h.
6
Suppose 9*d - d - 360 = 0. Calculate the remainder when d is divided by 16.
13
Suppose 5*j - 10 = 0, 0 = x + 4*j - 26 + 8. Let s = 72 + -43. Calculate the remainder when s is divided by x.
9
Let j(d) = -d**3 - 13*d**2 - 12*d + 40. What is the remainder when j(-12) is divided by 11?
7
Suppose -3*p = -2*b + 32, 0 = 4*b + 2*p - 125 + 29. Calculate the remainder when 63 is divided by b.
19
Suppose 85*g = 87*g - 60. What is the remainder